on divisor of d and 44.
11
Suppose -11*m + 7*m + 40 = 0. Calculate the greatest common divisor of 5 and m.
5
Let d be (2/(-6))/(1/(-51)). Calculate the greatest common divisor of d and 68.
17
Let g = 24 + -16. Suppose 3*f + 72 = 6*f. Let q be ((-88)/(-6))/(4/f). Calculate the greatest common factor of q and g.
8
Let u = -37 - -63. Calculate the greatest common factor of 208 and u.
26
Let f(u) = -u + 24. Let x be f(6). Calculate the greatest common factor of x and 6.
6
Suppose 26*u = 22*u + 84. Calculate the greatest common factor of 63 and u.
21
Let w = 46 + -25. What is the greatest common factor of 63 and w?
21
Let y be 22/(-5)*(-15)/3. Let v be ((-11)/3)/((-17)/816). Calculate the highest common divisor of y and v.
22
Let i = 97 + -79. Let r(h) = 7*h**2 - 2*h + 1. Let l be r(1). What is the highest common factor of l and i?
6
Suppose -3*i + 40 = i. Let k(h) = -h**3 + 2*h**2 + 7*h + 6. Let d be k(-6). Suppose -5*b = -198 - d. Calculate the greatest common factor of b and i.
10
Let f be (4/(-10))/((-4)/20). Let h be (-2)/(f + (0 - 3)). Calculate the greatest common divisor of 1 and h.
1
Suppose -2*u = -4, -2*p = -6*p + 2*u + 16. Suppose 31 + p = 2*k. Calculate the highest common divisor of 27 and k.
9
Let p be (0 - -1)/((-6)/(-18)). Calculate the highest common factor of p and 24.
3
Let z(w) = -w**3 + 8*w**2 + 9*w + 1. Let j be z(9). Let l be 4 - -4 - (0 + j). Let k = -54 + 110. What is the greatest common factor of k and l?
7
Suppose -140 = -4*p + 5*r + 395, 130 = p - 2*r. What is the highest common divisor of 28 and p?
28
Suppose 12 - 24 = -2*f. Let j = 41 - 23. Calculate the greatest common factor of j and f.
6
Let i(s) = 4*s + 1. Let w be i(2). Suppose 0 = -0*r - 3*r - 288. Let j = r - -159. What is the greatest common divisor of j and w?
9
Suppose -11 = -5*q + 3*g - 1, 2*q - 4*g = 4. Let s be 1*-6*(-3)/q. Let d be 21*(1 + (-6)/s). What is the highest common factor of 28 and d?
7
Suppose -5*s = -27 - 233. What is the greatest common factor of 26 and s?
26
Suppose c - 275 = -4*c. Calculate the greatest common factor of c and 11.
11
Suppose 0 = -7*a + 10*a - 27. What is the highest common factor of 9 and a?
9
Let q(g) be the second derivative of -5/12*g**4 + 0 - 1/6*g**3 - 1/10*g**5 + 2*g**2 - 2*g. Let i be q(-3). What is the greatest common factor of 144 and i?
16
Let s = -65 + 71. Calculate the highest common divisor of 15 and s.
3
Let k(q) = 8*q - 4. Let p be k(5). What is the highest common factor of 18 and p?
18
Let h = 49 - -11. What is the highest common divisor of 10 and h?
10
Let w be (-45)/5*(-2)/6. Let n be 1/(-2*w/186). Let h = -5 - n. Calculate the greatest common divisor of h and 39.
13
Let a = 115 - -281. Suppose 4*z + 1 = -7. Let s be (-2)/(a/(-195) - z). Calculate the greatest common factor of 26 and s.
13
Let b(i) = 14*i. Let f be b(4). Calculate the greatest common divisor of f and 7.
7
Suppose 0*u = -4*a - 2*u + 1122, -a + 3*u = -298. Let i = 1400 + -947. Let j = i - a. Calculate the highest common divisor of 17 and j.
17
Suppose 6*r + 2 = 8*r. What is the greatest common factor of 1 and r?
1
Let u be (-12)/(-8)*496/6. What is the highest common factor of 31 and u?
31
Let r(b) = -b**2 + 6*b + 15. Let a be r(11). Let y = a + 73. What is the greatest common divisor of y and 22?
11
Suppose -9*n + 439 = -101. Calculate the highest common factor of n and 24.
12
Let i(q) = 19*q**2 + 5*q + 6. Let k be i(-2). Calculate the highest common divisor of k and 9.
9
Let z = -15 + 33. Let q be 4/z*-6*3. Let k(y) = -5*y + 4. Let b be k(q). What is the greatest common divisor of b and 6?
6
Suppose 0 = 2*f + 2*q - 6, f - 4 - 4 = 4*q. Let z(u) = u**2 + 6*u + 5. Let o be z(-6). Suppose -w = -o*w + f. Calculate the highest common divisor of 8 and w.
1
Suppose 0*b + 144 = 2*b. What is the greatest common factor of b and 24?
24
Let a(w) = 3*w**2 - w + 4. Let q be a(4). Suppose 4*s + 0*s - q = 0. Calculate the greatest common divisor of 12 and s.
12
Suppose j + 4 = -4*m, -4*m + 12 = 2*j - 6*m. Suppose u + j*p - 6 = -0*p, -u = -3*p - 13. Calculate the greatest common divisor of u and 10.
10
Let d(v) = -3*v**3 - 2*v**2 - v + 1. Let t be d(-2). What is the greatest common divisor of 133 and t?
19
Let t(a) = a**2 + 7*a + 10. Let s be t(-6). Calculate the highest common divisor of 32 and s.
4
Let n(i) = 11*i - 5. Let k be n(3). Calculate the greatest common divisor of 7 and k.
7
Let p be 5/20 - (-66)/(-8). Let a be (-8)/(-6)*(-60)/p. What is the highest common factor of a and 5?
5
Suppose 4*a = 5*d - 11, -3*a + 8 = d + 2*a. Calculate the greatest common factor of 3 and d.
3
Suppose -2*u - 4*y + 32 = 0, 1 = 4*u - y - 36. What is the highest common divisor of u and 80?
10
Let m(q) = -2*q - 5. Let s be m(-5). Let z = s + -3. Let d = 57 + -41. What is the highest common divisor of d and z?
2
Suppose 22*v = 28*v - 1260. What is the greatest common factor of 140 and v?
70
Suppose -2 = -5*z + 13. Let b(d) = 4 + z*d**2 - 2*d**2 - 7*d**3 - 1 + 4*d. Let k be b(-2). Calculate the greatest common factor of 22 and k.
11
Suppose 5*i - 50 = -4*q, 0*q - i - 38 = -4*q. Suppose 3*g - 4 = 5. Let d = g + q. What is the greatest common divisor of d and 26?
13
Suppose 3*o = -7*i + 3*i + 54, -3*i + 4*o + 28 = 0. Suppose -i = 4*m - 5*m - 4*w, 5*w = 2*m - 11. Calculate the highest common divisor of 64 and m.
8
Let z(x) = -5*x + 1. Let s be z(4). Let j = s + 195. Calculate the greatest common factor of j and 16.
16
Let f be ((-96)/(-60))/(2/5). Let b = f + 7. Calculate the greatest common divisor of b and 11.
11
Let k(h) = -2*h - 30. Let s be k(-20). Let t = 16 - s. Calculate the greatest common factor of t and 6.
6
Let i(p) = p**3 + 6*p**2 - 6*p + 16. Let z be i(-7). Calculate the highest common factor of 63 and z.
9
Suppose 0*t + 54 = 2*t - 4*j, 0 = -3*t - 2*j + 49. Suppose -2*k + 99 + 319 = 0. What is the highest common factor of k and t?
19
Suppose 7*t - 2*t - 809 = 4*o, -t = -2*o - 157. Let k = t - 32. What is the greatest common factor of 19 and k?
19
Let k(y) = -y**3 + 6*y**2 + 2*y + 2. Let t be k(7). Let f be (-996)/t - (-2)/(-11). What is the greatest common factor of f and 45?
15
Let p(h) = 1 - 2 + 4 + h**2 - 6*h. Let q be p(4). Let s = 44 + q. Calculate the greatest common factor of 13 and s.
13
Let i = 10 + -6. Suppose 3*g - 44 = -19*g. Calculate the greatest common divisor of i and g.
2
Let t = 59 - 29. What is the greatest common divisor of t and 75?
15
Let g(o) = -4*o - 16. Let c be g(-11). What is the highest common divisor of 4 and c?
4
Suppose 101 = k + k + z, 2*z - 55 = -k. Calculate the highest common divisor of 7 and k.
7
Suppose 0 = 4*r + 4*c - 272, r - 5*c = -4*r + 360. What is the greatest common divisor of 42 and r?
14
Let q = -27 - -39. Calculate the greatest common factor of q and 48.
12
Let u(y) = 4*y - 24. Let h be u(11). What is the highest common divisor of 80 and h?
20
Let y be 4/(-10) + (-81)/(-15). Suppose -y*h - 3*j = -7*j - 75, 0 = j. Calculate the highest common factor of h and 30.
15
Suppose -5*p = -271 - 224. What is the greatest common divisor of p and 11?
11
Suppose -3*i - 2*i = 15. Let b(o) = -5*o**3 + 3*o**2 + 3. Let f be b(i). What is the highest common divisor of 15 and f?
15
Suppose -3*z - 25 - 38 = -3*w, -5*w + 2*z + 99 = 0. Calculate the greatest common factor of 247 and w.
19
Let x = 2 + -5. Let s be -2 + 1 - (1 + x). Calculate the highest common divisor of s and 3.
1
Let g(k) = 4*k + 6. Let m be g(-1). Calculate the highest common factor of m and 6.
2
Let j be 3 + -1*5/1. Let s be (j + (-6)/(-9))*-12. Let b = -86 + 126. Calculate the highest common divisor of b and s.
8
Let y(h) = 12*h - 4. Let d be y(8). Let m = 20 + d. What is the greatest common divisor of 16 and m?
16
Let z be ((-27)/36)/((-2)/8). Suppose 2*i = 6*i - 2*s - 2, i - s = 2. Let w be (-2)/(2/(-31)) + i. Calculate the greatest common factor of z and w.
3
Suppose -4 = -2*s, 2*u - s - 231 = 145. Calculate the highest common factor of 21 and u.
21
Let w = 105 - 84. Calculate the greatest common divisor of 3 and w.
3
Suppose -3*s + 3*n = 8*n - 127, s + 2*n = 42. What is the greatest common factor of s and 8?
4
Suppose -2*o - 2*o + 40 = 0. What is the greatest common divisor of 20 and o?
10
Let u(b) = -8*b - 21. Let w be u(-6). What is the highest common divisor